[INFO] cloning repository https://github.com/OFUZORCHUKWUEMEKE/pinocchio-amm
[INFO] running `Command { std: "git" "-c" "credential.helper=" "-c" "credential.helper=/workspace/cargo-home/bin/git-credential-null" "clone" "--bare" "https://github.com/OFUZORCHUKWUEMEKE/pinocchio-amm" "/workspace/cache/git-repos/https%3A%2F%2Fgithub.com%2FOFUZORCHUKWUEMEKE%2Fpinocchio-amm", kill_on_drop: false }`
[INFO] [stderr] Cloning into bare repository '/workspace/cache/git-repos/https%3A%2F%2Fgithub.com%2FOFUZORCHUKWUEMEKE%2Fpinocchio-amm'...
[INFO] running `Command { std: "git" "rev-parse" "HEAD", kill_on_drop: false }`
[INFO] [stdout] c1b5990ed190d10763f2402cd71b098b7dcdf6c0
[INFO] checking OFUZORCHUKWUEMEKE/pinocchio-amm against 40527f3e444fde1deb361751bdef9b9e11d1b971+rustflags=--cfg crater_hack --force-warn invalid-c-variadic-arguments for pr-162478
[INFO] running `Command { std: "git" "clone" "/workspace/cache/git-repos/https%3A%2F%2Fgithub.com%2FOFUZORCHUKWUEMEKE%2Fpinocchio-amm" "/workspace/builds/worker-3-tc2/source", kill_on_drop: false }`
[INFO] [stderr] Cloning into '/workspace/builds/worker-3-tc2/source'...
[INFO] [stderr] done.
[INFO] started tweaking git repo https://github.com/OFUZORCHUKWUEMEKE/pinocchio-amm
[INFO] finished tweaking git repo https://github.com/OFUZORCHUKWUEMEKE/pinocchio-amm
[INFO] tweaked toml for git repo https://github.com/OFUZORCHUKWUEMEKE/pinocchio-amm written to /workspace/builds/worker-3-tc2/source/Cargo.toml
[INFO] validating manifest of git repo https://github.com/OFUZORCHUKWUEMEKE/pinocchio-amm on toolchain 40527f3e444fde1deb361751bdef9b9e11d1b971
[INFO] running `Command { std: CARGO_HOME="/workspace/cargo-home" RUSTUP_HOME="/workspace/rustup-home" "/workspace/cargo-home/bin/cargo" "+40527f3e444fde1deb361751bdef9b9e11d1b971" "metadata" "--manifest-path" "Cargo.toml" "--no-deps", kill_on_drop: false }`
[INFO] crate git repo https://github.com/OFUZORCHUKWUEMEKE/pinocchio-amm already has a lockfile, it will not be regenerated
[INFO] running `Command { std: CARGO_HOME="/workspace/cargo-home" RUSTUP_HOME="/workspace/rustup-home" "/workspace/cargo-home/bin/cargo" "+40527f3e444fde1deb361751bdef9b9e11d1b971" "fetch" "--manifest-path" "Cargo.toml", kill_on_drop: false }`
[INFO] [stderr]     Blocking waiting for file lock on package cache
[INFO] [stderr]     Updating git repository `https://github.com/deanmlittle/constant-product-curve`
[INFO] [stderr]     Updating crates.io index
[INFO] [stderr]     Blocking waiting for file lock on package cache
[INFO] [stderr]  Downloading crates ...
[INFO] [stderr]   Downloaded solana-transaction v2.2.3
[INFO] [stderr]   Downloaded solana-sdk v2.3.1
[INFO] [stderr]   Downloaded solana-transaction-context v2.2.20
[INFO] [stderr]   Downloaded solana-precompiles v2.2.2
[INFO] [stderr]   Downloaded solana-serde v2.2.1
[INFO] [stderr]   Downloaded solana-validator-exit v2.2.1
[INFO] [stderr]   Downloaded solana-secp256r1-program v2.2.4
[INFO] [stderr]   Downloaded solana-inflation v2.2.1
[INFO] [stderr]   Downloaded solana-rent-collector v2.3.0
[INFO] [stderr]   Downloaded solana-reserved-account-keys v2.2.2
[INFO] [stderr]   Downloaded solana-logger v2.3.1
[INFO] [stderr]   Downloaded solana-rent-debits v2.2.1
[INFO] [stderr]   Downloaded solana-secp256k1-program v2.2.3
[INFO] [stderr]   Downloaded solana-ed25519-program v2.2.3
[INFO] [stderr]   Downloaded solana-system-transaction v2.2.1
[INFO] [stderr]   Downloaded solana-shred-version v2.2.1
[INFO] [stderr]   Downloaded solana-hard-forks v2.2.1
[INFO] [stderr]   Downloaded solana-quic-definitions v2.3.1
[INFO] [stderr]   Downloaded solana-keypair v2.2.3
[INFO] [stderr]   Downloaded solana-cluster-type v2.2.1
[INFO] [stderr]   Downloaded solana-epoch-rewards-hasher v2.2.1
[INFO] [stderr]   Downloaded solana-feature-set v2.2.5
[INFO] [stderr]   Downloaded solana-precompile-error v2.2.2
[INFO] [stderr]   Downloaded solana-time-utils v2.2.1
[INFO] [stderr]   Downloaded solana-reward-info v2.2.1
[INFO] [stderr]   Downloaded solana-poh-config v2.2.1
[INFO] [stderr]   Downloaded solana-presigner v2.2.1
[INFO] [stderr]   Downloaded solana-offchain-message v2.2.1
[INFO] [stderr]   Downloaded solana-nonce-account v2.2.1
[INFO] [stderr]   Downloaded solana-fee-structure v2.3.0
[INFO] [stderr]   Downloaded solana-compute-budget-interface v2.2.2
[INFO] [stderr]   Downloaded solana-commitment-config v2.2.1
[INFO] [stderr]   Downloaded pinocchio-pubkey v0.2.4
[INFO] [stderr]   Downloaded solana-timings v2.2.20
[INFO] [stderr]   Downloaded solana-packet v2.2.1
[INFO] [stderr]   Downloaded solana-type-overrides v2.2.20
[INFO] [stderr]   Downloaded pinocchio-token v0.3.0
[INFO] [stderr]   Downloaded solana-client-traits v2.2.1
[INFO] [stderr]   Downloaded solana-metrics v2.2.20
[INFO] [stderr]   Downloaded mollusk-svm v0.1.5
[INFO] [stderr]   Downloaded solana-system-program v2.2.20
[INFO] [stderr]   Downloaded solana-program-runtime v2.2.20
[INFO] [stderr]   Downloaded solana-sbpf v0.10.1
[INFO] [stderr]   Downloaded compression-codecs v0.4.35
[INFO] [stderr]   Downloaded solana-measure v2.2.20
[INFO] [stderr]   Downloaded solana-log-collector v2.2.20
[INFO] [stderr]   Downloaded solana-compute-budget v2.2.20
[INFO] [stderr]   Downloaded async-compression v0.4.36
[INFO] [stderr]   Downloaded mollusk-svm-keys v0.1.5
[INFO] [stderr]   Downloaded solana-poseidon v2.2.20
[INFO] [stderr]   Downloaded solana-curve25519 v2.2.20
[INFO] [stderr]   Downloaded mollusk-svm-error v0.1.5
[INFO] [stderr]   Downloaded agave-feature-set v2.2.20
[INFO] [stderr]   Downloaded solana-bpf-loader-program v2.2.20
[INFO] [stderr]   Downloaded agave-precompiles v2.2.20
[INFO] [stderr]   Downloaded openssl-src v300.5.4+3.5.4
[INFO] [stderr]   Downloaded solana-epoch-info v2.2.1
[INFO] [stderr]   Downloaded solana-genesis-config v2.3.0
[INFO] [stderr]   Downloaded pinocchio-system v0.2.3
[INFO] running `Command { std: "docker" "create" "-v" "/var/lib/crater-agent-workspace/builds/worker-3-tc2/source:/opt/rustwide/workdir:ro,Z" "-v" "/var/lib/crater-agent-workspace/builds/worker-3-tc2/target:/opt/rustwide/target:rw,Z" "-v" "/var/lib/crater-agent-workspace/cargo-home:/opt/rustwide/cargo-home:ro,Z" "-v" "/var/lib/crater-agent-workspace/rustup-home:/opt/rustwide/rustup-home:ro,Z" "-m" "1610612736" "--network" "none" "ghcr.io/rust-lang/crates-build-env/linux@sha256:8683fc1fc2eb5c9ac98e0d076ab094b2ffac7f99da555d2b6a2e27f346de2ec7" "sleep" "infinity", kill_on_drop: false }`
[INFO] [stdout] 36923950e356da53d4e3302bac65c012a96cd2b6124568f097dd6df5e0847e0c
[INFO] running `Command { std: "docker" "start" "36923950e356da53d4e3302bac65c012a96cd2b6124568f097dd6df5e0847e0c", kill_on_drop: false }`
[INFO] running `Command { std: "docker" "inspect" "36923950e356da53d4e3302bac65c012a96cd2b6124568f097dd6df5e0847e0c", kill_on_drop: false }`
[INFO] running `Command { std: "docker" "exec" "-e" "SOURCE_DIR=/opt/rustwide/workdir" "-e" "CARGO_HOME=/opt/rustwide/cargo-home" "-e" "RUSTUP_HOME=/opt/rustwide/rustup-home" "-e" "CARGO_TARGET_DIR=/opt/rustwide/target" "-w" "/opt/rustwide/workdir" "--user" "0:0" "36923950e356da53d4e3302bac65c012a96cd2b6124568f097dd6df5e0847e0c" "/opt/rustwide/cargo-home/bin/cargo" "+40527f3e444fde1deb361751bdef9b9e11d1b971" "metadata" "--no-deps" "--format-version=1", kill_on_drop: false }`
[INFO] running `Command { std: "docker" "inspect" "36923950e356da53d4e3302bac65c012a96cd2b6124568f097dd6df5e0847e0c", kill_on_drop: false }`
[INFO] running `Command { std: "docker" "exec" "-e" "SOURCE_DIR=/opt/rustwide/workdir" "-e" "CARGO_HOME=/opt/rustwide/cargo-home" "-e" "RUSTUP_HOME=/opt/rustwide/rustup-home" "-e" "CARGO_TARGET_DIR=/opt/rustwide/target" "-e" "CARGO_INCREMENTAL=0" "-e" "RUST_BACKTRACE=full" "-e" "RUSTFLAGS=--cap-lints=forbid --cfg crater_hack --force-warn invalid-c-variadic-arguments" "-e" "RUSTDOCFLAGS=--cap-lints=forbid" "-w" "/opt/rustwide/workdir" "--user" "0:0" "36923950e356da53d4e3302bac65c012a96cd2b6124568f097dd6df5e0847e0c" "/opt/rustwide/cargo-home/bin/cargo" "+40527f3e444fde1deb361751bdef9b9e11d1b971" "check" "--frozen" "--all" "--all-targets" "--message-format=json", kill_on_drop: false }`
[INFO] [stderr]    Compiling syn v1.0.109
[INFO] [stderr]    Compiling toml_parser v1.0.4
[INFO] [stderr]    Compiling toml_datetime v0.7.3
[INFO] [stderr]    Compiling indexmap v2.12.1
[INFO] [stderr]    Compiling syn v2.0.111
[INFO] [stderr]     Checking getrandom v0.2.16
[INFO] [stderr]    Compiling borsh v1.6.0
[INFO] [stderr]     Checking getrandom v0.3.4
[INFO] [stderr]     Checking crypto-common v0.1.7
[INFO] [stderr]     Checking memchr v2.7.6
[INFO] [stderr]    Compiling find-msvc-tools v0.1.5
[INFO] [stderr]    Compiling curve25519-dalek v4.1.3
[INFO] [stderr]    Compiling proc-macro-crate v0.1.5
[INFO] [stderr]     Checking digest v0.9.0
[INFO] [stderr]     Checking block-buffer v0.9.0
[INFO] [stderr]     Checking getrandom v0.1.16
[INFO] [stderr]     Checking digest v0.10.7
[INFO] [stderr]     Checking byteorder v1.5.0
[INFO] [stderr]     Checking sha2 v0.9.9
[INFO] [stderr]     Checking ahash v0.8.12
[INFO] [stderr]     Checking rand_core v0.6.4
[INFO] [stderr]    Compiling cc v1.2.49
[INFO] [stderr]     Checking bitflags v2.10.0
[INFO] [stderr]     Checking signature v1.6.4
[INFO] [stderr]    Compiling generic-array v0.14.7
[INFO] [stderr]     Checking rand_core v0.5.1
[INFO] [stderr]     Checking ed25519 v1.5.3
[INFO] [stderr]     Checking serde_bytes v0.11.19
[INFO] [stderr]     Checking crypto-mac v0.8.0
[INFO] [stderr]     Checking rand_chacha v0.3.1
[INFO] [stderr]    Compiling num-traits v0.2.19
[INFO] [stderr]     Checking bytes v1.11.0
[INFO] [stderr]     Checking hmac v0.8.1
[INFO] [stderr]     Checking sha2 v0.10.9
[INFO] [stderr]     Checking hmac-drbg v0.3.0
[INFO] [stderr]     Checking sha3 v0.10.8
[INFO] [stderr]     Checking serde_json v1.0.145
[INFO] [stderr]     Checking rand_chacha v0.2.2
[INFO] [stderr]     Checking libsecp256k1-core v0.2.2
[INFO] [stderr]     Checking solana-precompile-error v2.2.2
[INFO] [stderr]     Checking hashbrown v0.13.2
[INFO] [stderr]     Checking mio v1.1.1
[INFO] [stderr]     Checking rand v0.8.5
[INFO] [stderr]     Checking rand v0.7.3
[INFO] [stderr]    Compiling openssl-src v300.5.4+3.5.4
[INFO] [stderr]     Checking socket2 v0.6.1
[INFO] [stderr]    Compiling toml_edit v0.23.9
[INFO] [stderr]    Compiling openssl v0.10.75
[INFO] [stderr]     Checking itertools v0.10.5
[INFO] [stderr]     Checking tracing-core v0.1.35
[INFO] [stderr]     Checking derivation-path v0.2.0
[INFO] [stderr]     Checking smallvec v1.15.1
[INFO] [stderr]    Compiling rustls v0.21.12
[INFO] [stderr]     Checking tokio v1.48.0
[INFO] [stderr]    Compiling num-integer v0.1.46
[INFO] [stderr]     Checking http v0.2.12
[INFO] [stderr]     Checking futures-util v0.3.31
[INFO] [stderr]     Checking tracing v0.1.43
[INFO] [stderr]     Checking hmac v0.12.1
[INFO] [stderr]    Compiling num-bigint v0.4.6
[INFO] [stderr]    Compiling blake3 v1.8.2
[INFO] [stderr]    Compiling openssl-sys v0.9.111
[INFO] [stderr]    Compiling ring v0.17.14
[INFO] [stderr]     Checking qstring v0.7.2
[INFO] [stderr]     Checking uriparse v0.6.4
[INFO] [stderr]    Compiling num-bigint v0.2.6
[INFO] [stderr]     Checking ark-std v0.4.0
[INFO] [stderr]     Checking flate2 v1.1.5
[INFO] [stderr]     Checking aho-corasick v1.1.4
[INFO] [stderr]     Checking pbkdf2 v0.11.0
[INFO] [stderr]    Compiling libsecp256k1-gen-ecmult v0.2.1
[INFO] [stderr]    Compiling proc-macro-crate v3.4.0
[INFO] [stderr]    Compiling libsecp256k1-gen-genmult v0.2.1
[INFO] [stderr]     Checking http-body v0.4.6
[INFO] [stderr]     Checking socket2 v0.5.10
[INFO] [stderr]    Compiling libsecp256k1 v0.6.0
[INFO] [stderr]    Compiling num-complex v0.2.4
[INFO] [stderr]     Checking solana-derivation-path v2.2.1
[INFO] [stderr]    Compiling num-rational v0.2.4
[INFO] [stderr]     Checking regex-syntax v0.8.8
[INFO] [stderr]     Checking solana-time-utils v2.2.1
[INFO] [stderr]     Checking compression-codecs v0.4.35
[INFO] [stderr]     Checking solana-seed-derivable v2.2.1
[INFO] [stderr]     Checking solana-seed-phrase v2.2.1
[INFO] [stderr]     Checking void v1.0.2
[INFO] [stderr]     Checking unreachable v1.0.0
[INFO] [stderr]     Checking num-iter v0.1.45
[INFO] [stderr]     Checking atty v0.2.14
[INFO] [stderr]     Checking signal-hook-registry v1.4.7
[INFO] [stderr]     Checking webpki-roots v0.25.4
[INFO] [stderr]     Checking sync_wrapper v0.1.2
[INFO] [stderr]     Checking ascii v0.9.3
[INFO] [stderr]     Checking hash32 v0.2.1
[INFO] [stderr]     Checking gethostname v0.2.3
[INFO] [stderr]     Checking rustc-demangle v0.1.26
[INFO] [stderr]     Checking signal-hook v0.3.18
[INFO] [stderr]     Checking eager v0.1.0
[INFO] [stderr]     Checking solana-type-overrides v2.2.20
[INFO] [stderr]     Checking itertools v0.12.1
[INFO] [stderr]     Checking solana-log-collector v2.2.20
[INFO] [stderr]     Checking pinocchio v0.8.4
[INFO] [stderr]     Checking solana-define-syscall v2.3.0
[INFO] [stderr]     Checking combine v3.8.1
[INFO] [stderr]     Checking solana-measure v2.2.20
[INFO] [stderr]     Checking chrono v0.4.42
[INFO] [stderr]     Checking memmap2 v0.5.10
[INFO] [stderr]     Checking siphasher v0.3.11
[INFO] [stderr]     Checking constant-product-curve v0.1.0 (https://github.com/deanmlittle/constant-product-curve#2a723a0f)
[INFO] [stderr]     Checking solana-validator-exit v2.2.1
[INFO] [stderr]     Checking pinocchio-pubkey v0.2.4
[INFO] [stderr]     Checking pinocchio-token v0.3.0
[INFO] [stderr]     Checking pinocchio-system v0.2.3
[INFO] [stderr]     Checking regex-automata v0.4.13
[INFO] [stderr]     Checking num v0.2.1
[INFO] [stderr]     Checking percentage v0.1.0
[INFO] [stderr]    Compiling borsh-schema-derive-internal v0.10.4
[INFO] [stderr]    Compiling borsh-derive-internal v0.10.4
[INFO] [stderr]     Checking regex v1.12.2
[INFO] [stderr]     Checking rustls-webpki v0.101.7
[INFO] [stderr]     Checking sct v0.7.1
[INFO] [stderr]    Compiling synstructure v0.13.2
[INFO] [stderr]    Compiling darling_core v0.21.3
[INFO] [stderr]    Compiling borsh-derive v0.10.4
[INFO] [stderr]    Compiling ark-serialize-derive v0.4.2
[INFO] [stderr]    Compiling ark-ff-asm v0.4.2
[INFO] [stderr]    Compiling ark-ff-macros v0.4.2
[INFO] [stderr]    Compiling derivative v2.2.0
[INFO] [stderr]     Checking tokio-util v0.7.17
[INFO] [stderr]     Checking async-compression v0.4.36
[INFO] [stderr]     Checking borsh v0.10.4
[INFO] [stderr]     Checking env_logger v0.9.3
[INFO] [stderr]     Checking ark-serialize v0.4.2
[INFO] [stderr]     Checking solana-logger v2.3.1
[INFO] [stderr]     Checking h2 v0.3.27
[INFO] [stderr]    Compiling serde_derive v1.0.228
[INFO] [stderr]    Compiling zeroize_derive v1.4.2
[INFO] [stderr]    Compiling bytemuck_derive v1.10.2
[INFO] [stderr]    Compiling borsh-derive v1.6.0
[INFO] [stderr]    Compiling curve25519-dalek-derive v0.1.1
[INFO] [stderr]    Compiling solana-sdk-macro v2.2.1
[INFO] [stderr]    Compiling zerofrom-derive v0.1.6
[INFO] [stderr]    Compiling yoke-derive v0.8.1
[INFO] [stderr]    Compiling zerovec-derive v0.11.2
[INFO] [stderr]    Compiling displaydoc v0.2.5
[INFO] [stderr]    Compiling thiserror-impl v2.0.17
[INFO] [stderr]    Compiling openssl-macros v0.1.1
[INFO] [stderr]    Compiling thiserror-impl v1.0.69
[INFO] [stderr]     Checking zeroize v1.3.0
[INFO] [stderr]    Compiling cfg_eval v0.1.2
[INFO] [stderr]     Checking curve25519-dalek v3.2.1
[INFO] [stderr]    Compiling enum-iterator-derive v1.5.0
[INFO] [stderr]    Compiling num-derive v0.4.2
[INFO] [stderr]     Checking enum-iterator v1.5.0
[INFO] [stderr]     Checking ark-ff v0.4.2
[INFO] [stderr]    Compiling num_enum_derive v0.7.5
[INFO] [stderr]    Compiling qualifier_attr v0.2.2
[INFO] [stderr]     Checking zerofrom v0.1.6
[INFO] [stderr]     Checking yoke v0.8.1
[INFO] [stderr]     Checking zerovec v0.11.5
[INFO] [stderr]     Checking zerotrie v0.2.3
[INFO] [stderr]     Checking bytemuck v1.24.0
[INFO] [stderr]     Checking thiserror v1.0.69
[INFO] [stderr]     Checking num_enum v0.7.5
[INFO] [stderr]     Checking solana-sbpf v0.10.1
[INFO] [stderr]     Checking tokio-rustls v0.24.1
[INFO] [stderr]     Checking blueshift_native_amm v0.1.0 (/opt/rustwide/workdir)
[INFO] [stdout] warning: unused import: `self`
[INFO] [stdout]  --> src/instruction/deposit.rs:4:21
[INFO] [stdout]   |
[INFO] [stdout] 4 |     state::config::{self, Config},
[INFO] [stdout]   |                     ^^^^
[INFO] [stdout]   |
[INFO] [stdout]   = note: `#[warn(unused_imports)]` (part of `#[warn(unused)]`) on by default
[INFO] [stdout] 
[INFO] [stdout] 
[INFO] [stdout] warning: unused imports: `config` and `self`
[INFO] [stdout]   --> src/instruction/initialize.rs:12:17
[INFO] [stdout]    |
[INFO] [stdout] 12 |     constants::{self, CONFIG_SEED},
[INFO] [stdout]    |                 ^^^^
[INFO] [stdout] 13 |     state::{config, Config},
[INFO] [stdout]    |             ^^^^^^
[INFO] [stdout] 
[INFO] [stdout] 
[INFO] [stderr]     Checking thiserror v2.0.17
[INFO] [stderr]    Compiling darling_macro v0.21.3
[INFO] [stderr]    Compiling darling v0.21.3
[INFO] [stderr]    Compiling serde_with_macros v3.16.1
[INFO] [stderr]     Checking serde v1.0.228
[INFO] [stderr]     Checking tinystr v0.8.2
[INFO] [stderr]     Checking potential_utf v0.1.4
[INFO] [stderr]     Checking icu_collections v2.1.1
[INFO] [stderr]     Checking solana-borsh v2.2.1
[INFO] [stderr]     Checking icu_locale_core v2.1.1
[INFO] [stderr]     Checking solana-hash v2.3.0
[INFO] [stderr]     Checking bincode v1.3.3
[INFO] [stderr]     Checking ed25519-dalek v1.0.1
[INFO] [stderr]     Checking serde-big-array v0.5.1
[INFO] [stderr]     Checking solana-fee-calculator v2.2.1
[INFO] [stderr]     Checking bv v0.11.1
[INFO] [stderr]     Checking solana-short-vec v2.2.1
[INFO] [stderr]     Checking serde_urlencoded v0.7.1
[INFO] [stderr]     Checking solana-hard-forks v2.2.1
[INFO] [stderr]     Checking solana-inflation v2.2.1
[INFO] [stderr]     Checking solana-serde-varint v2.2.2
[INFO] [stderr]     Checking solana-sha256-hasher v2.3.0
[INFO] [stderr]     Checking solana-cluster-type v2.2.1
[INFO] [stderr]     Checking solana-signature v2.3.0
[INFO] [stderr]     Checking ed25519-dalek-bip32 v0.2.0
[INFO] [stderr]     Checking serde_with v3.16.1
[INFO] [stderr]     Checking solana-keccak-hasher v2.2.1
[INFO] [stderr]     Checking solana-blake3-hasher v2.2.1
[INFO] [stderr]     Checking solana-shred-version v2.2.1
[INFO] [stderr]     Checking solana-poh-config v2.2.1
[INFO] [stderr]     Checking solana-epoch-info v2.2.1
[INFO] [stderr]     Checking solana-commitment-config v2.2.1
[INFO] [stderr]     Checking solana-reward-info v2.2.1
[INFO] [stderr]     Checking solana-serde v2.2.1
[INFO] [stderr]     Checking hyper v0.14.32
[INFO] [stderr]     Checking icu_provider v2.1.1
[INFO] [stderr]     Checking icu_properties v2.1.2
[INFO] [stderr]     Checking icu_normalizer v2.1.1
[INFO] [stderr]     Checking solana-packet v2.2.1
[INFO] [stderr]     Checking solana-pubkey v2.4.0
[INFO] [stderr]     Checking solana-curve25519 v2.2.20
[INFO] [stderr]     Checking solana-instruction v2.3.3
[INFO] [stderr]     Checking solana-sdk-ids v2.2.1
[INFO] [stderr]     Checking solana-nonce v2.2.1
[INFO] [stderr]     Checking solana-timings v2.2.20
[INFO] [stderr]     Checking mollusk-svm-error v0.1.5
[INFO] [stderr]     Checking solana-rent-debits v2.2.1
[INFO] [stderr]     Checking solana-epoch-rewards-hasher v2.2.1
[INFO] [stderr]     Checking solana-sysvar-id v2.2.1
[INFO] [stderr]     Checking solana-system-interface v1.0.0
[INFO] [stderr]     Checking solana-program-error v2.2.2
[INFO] [stderr]     Checking solana-transaction-error v2.2.1
[INFO] [stderr]     Checking solana-serialize-utils v2.2.1
[INFO] [stderr]     Checking solana-bincode v2.2.1
[INFO] [stderr]     Checking solana-stable-layout v2.2.1
[INFO] [stderr]     Checking solana-loader-v2-interface v2.2.1
[INFO] [stderr]     Checking solana-compute-budget-interface v2.2.2
[INFO] [stderr]     Checking solana-loader-v3-interface v3.0.0
[INFO] [stderr]     Checking solana-epoch-schedule v2.2.1
[INFO] [stderr]     Checking solana-clock v2.2.2
[INFO] [stderr]     Checking solana-slot-hashes v2.2.1
[INFO] [stderr]     Checking solana-rent v2.2.1
[INFO] [stderr]     Checking solana-slot-history v2.2.1
[INFO] [stderr]     Checking solana-last-restart-slot v2.2.1
[INFO] [stderr]     Checking solana-epoch-rewards v2.2.1
[INFO] [stderr]     Checking solana-account-info v2.3.0
[INFO] [stderr]     Checking solana-program-pack v2.2.1
[INFO] [stderr]     Checking solana-feature-set v2.2.5
[INFO] [stderr]     Checking agave-feature-set v2.2.20
[INFO] [stderr]     Checking solana-address-lookup-table-interface v2.2.2
[INFO] [stderr]     Checking solana-signer v2.2.1
[INFO] [stderr]     Checking solana-message v2.4.0
[INFO] [stderr]     Checking solana-loader-v3-interface v5.0.0
[INFO] [stderr]     Checking solana-loader-v4-interface v2.2.1
[INFO] [stderr]     Checking solana-vote-interface v2.2.6
[INFO] [stderr]     Checking solana-keypair v2.2.3
[INFO] [stderr]     Checking solana-presigner v2.2.1
[INFO] [stderr]     Checking solana-offchain-message v2.2.1
[INFO] [stderr]     Checking solana-program-entrypoint v2.3.0
[INFO] [stderr]     Checking solana-cpi v2.2.1
[INFO] [stderr]     Checking solana-instructions-sysvar v2.2.2
[INFO] [stderr]     Checking idna_adapter v1.2.1
[INFO] [stderr]     Checking solana-stake-interface v1.2.1
[INFO] [stderr]     Checking solana-quic-definitions v2.3.1
[INFO] [stderr]     Checking idna v1.1.0
[INFO] [stderr]     Checking url v2.5.7
[INFO] [stderr]     Checking solana-ed25519-program v2.2.3
[INFO] [stderr]     Checking solana-reserved-account-keys v2.2.2
[INFO] [stderr]     Checking solana-fee-structure v2.3.0
[INFO] [stderr]     Checking solana-example-mocks v2.2.1
[INFO] [stderr]     Checking hyper-rustls v0.24.2
[INFO] [stderr]     Checking solana-compute-budget v2.2.20
[INFO] [stderr]     Checking solana-sysvar v2.3.0
[INFO] [stderr]     Checking solana-account v2.2.1
[INFO] [stderr]     Checking spl-token v8.0.0
[INFO] [stderr]     Checking reqwest v0.11.27
[INFO] [stderr]     Checking solana-transaction-context v2.2.20
[INFO] [stderr]     Checking solana-nonce-account v2.2.1
[INFO] [stderr]     Checking solana-feature-gate-interface v2.2.2
[INFO] [stderr]     Checking solana-genesis-config v2.3.0
[INFO] [stderr]     Checking solana-rent-collector v2.3.0
[INFO] [stderr]     Checking mollusk-svm-keys v0.1.5
[INFO] [stderr]     Checking ark-poly v0.4.2
[INFO] [stderr]     Checking solana-secp256k1-program v2.2.3
[INFO] [stderr]     Checking solana-secp256k1-recover v2.2.1
[INFO] [stderr]     Checking solana-metrics v2.2.20
[INFO] [stderr]     Checking solana-program v2.3.0
[INFO] [stderr]     Checking ark-ec v0.4.2
[INFO] [stderr]     Checking ark-bn254 v0.4.0
[INFO] [stderr]     Checking solana-bn254 v2.2.2
[INFO] [stderr]     Checking light-poseidon v0.2.0
[INFO] [stderr]     Checking solana-poseidon v2.2.20
[INFO] [stderr]     Checking solana-secp256r1-program v2.2.4
[INFO] [stderr]     Checking agave-precompiles v2.2.20
[INFO] [stderr]     Checking solana-precompiles v2.2.2
[INFO] [stderr]     Checking solana-transaction v2.2.3
[INFO] [stderr]     Checking solana-program-runtime v2.2.20
[INFO] [stderr]     Checking solana-system-transaction v2.2.1
[INFO] [stderr]     Checking solana-client-traits v2.2.1
[INFO] [stderr]     Checking solana-sdk v2.3.1
[INFO] [stderr]     Checking solana-bpf-loader-program v2.2.20
[INFO] [stderr]     Checking solana-system-program v2.2.20
[INFO] [stderr]     Checking mollusk-svm v0.1.5
[INFO] [stdout] error[E0277]: the trait bound `UpgradeableLoaderState: serde::Serialize` is not satisfied
[INFO] [stdout]    --> /opt/rustwide/cargo-home/registry/src/index.crates.io-1949cf8c6b5b557f/mollusk-svm-0.1.5/src/program.rs:211:35
[INFO] [stdout]     |
[INFO] [stdout] 211 |       let data = bincode::serialize(&UpgradeableLoaderState::Program {
[INFO] [stdout]     |  ________________------------------_^
[INFO] [stdout]     | |                |
[INFO] [stdout]     | |                required by a bound introduced by this call
[INFO] [stdout] 212 | |         programdata_address,
[INFO] [stdout] 213 | |     })
[INFO] [stdout]     | |_____^ the trait `serde_core::ser::Serialize` is not implemented for `UpgradeableLoaderState`
[INFO] [stdout]     |
[INFO] [stdout]     = note: for local types consider adding `#[derive(serde::Serialize)]` to your `UpgradeableLoaderState` type
[INFO] [stdout]     = note: for types from other crates check whether the crate offers a `serde` feature flag
[INFO] [stdout]     = help: the following other types implement trait `serde_core::ser::Serialize`:
[INFO] [stdout]               &'a T
[INFO] [stdout]               &'a mut T
[INFO] [stdout]               ()
[INFO] [stdout]               (T,)
[INFO] [stdout]               (T0, T1)
[INFO] [stdout]               (T0, T1, T2)
[INFO] [stdout]               (T0, T1, T2, T3)
[INFO] [stdout]               (T0, T1, T2, T3, T4)
[INFO] [stdout]             and 227 others
[INFO] [stdout]     = note: there are multiple different versions of crate `solana_loader_v3_interface` in the dependency graph
[INFO] [stdout]     = help: you can use `cargo tree` to explore your dependency tree
[INFO] [stdout] note: required by a bound in `bincode::serialize`
[INFO] [stdout]    --> /opt/rustwide/cargo-home/registry/src/index.crates.io-1949cf8c6b5b557f/bincode-1.3.3/src/lib.rs:108:8
[INFO] [stdout]     |
[INFO] [stdout] 106 | pub fn serialize<T: ?Sized>(value: &T) -> Result<Vec<u8>>
[INFO] [stdout]     |        --------- required by a bound in this function
[INFO] [stdout] 107 | where
[INFO] [stdout] 108 |     T: serde::Serialize,
[INFO] [stdout]     |        ^^^^^^^^^^^^^^^^ required by this bound in `serialize`
[INFO] [stdout] 
[INFO] [stdout] 
[INFO] [stdout] error[E0277]: the trait bound `UpgradeableLoaderState: serde::Serialize` is not satisfied
[INFO] [stdout]    --> /opt/rustwide/cargo-home/registry/src/index.crates.io-1949cf8c6b5b557f/mollusk-svm-0.1.5/src/program.rs:233:13
[INFO] [stdout]     |
[INFO] [stdout] 231 |           bincode::serialize_into(
[INFO] [stdout]     |           ----------------------- required by a bound introduced by this call
[INFO] [stdout] 232 |               &mut data[0..elf_offset],
[INFO] [stdout] 233 | /             &UpgradeableLoaderState::ProgramData {
[INFO] [stdout] 234 | |                 slot: 0,
[INFO] [stdout] 235 | |                 upgrade_authority_address: None,
[INFO] [stdout] 236 | |             },
[INFO] [stdout]     | |_____________^ the trait `serde_core::ser::Serialize` is not implemented for `UpgradeableLoaderState`
[INFO] [stdout]     |
[INFO] [stdout]     = note: for local types consider adding `#[derive(serde::Serialize)]` to your `UpgradeableLoaderState` type
[INFO] [stdout]     = note: for types from other crates check whether the crate offers a `serde` feature flag
[INFO] [stdout]     = help: the following other types implement trait `serde_core::ser::Serialize`:
[INFO] [stdout]               &'a T
[INFO] [stdout]               &'a mut T
[INFO] [stdout]               ()
[INFO] [stdout]               (T,)
[INFO] [stdout]               (T0, T1)
[INFO] [stdout]               (T0, T1, T2)
[INFO] [stdout]               (T0, T1, T2, T3)
[INFO] [stdout]               (T0, T1, T2, T3, T4)
[INFO] [stdout]             and 227 others
[INFO] [stdout]     = note: there are multiple different versions of crate `solana_loader_v3_interface` in the dependency graph
[INFO] [stdout]     = help: you can use `cargo tree` to explore your dependency tree
[INFO] [stdout] note: required by a bound in `bincode::serialize_into`
[INFO] [stdout]    --> /opt/rustwide/cargo-home/registry/src/index.crates.io-1949cf8c6b5b557f/bincode-1.3.3/src/lib.rs:93:8
[INFO] [stdout]     |
[INFO] [stdout]  90 | pub fn serialize_into<W, T: ?Sized>(writer: W, value: &T) -> Result<()>
[INFO] [stdout]     |        -------------- required by a bound in this function
[INFO] [stdout] ...
[INFO] [stdout]  93 |     T: serde::Serialize,
[INFO] [stdout]     |        ^^^^^^^^^^^^^^^^ required by this bound in `serialize_into`
[INFO] [stdout] 
[INFO] [stdout] 
[INFO] [stdout] error[E0599]: no method named `get_account_at_index` found for struct `TransactionContext` in the current scope
[INFO] [stdout]    --> /opt/rustwide/cargo-home/registry/src/index.crates.io-1949cf8c6b5b557f/mollusk-svm-0.1.5/src/lib.rs:586:34
[INFO] [stdout]     |
[INFO] [stdout] 585 |   ...                   let resulting_account = transaction_context
[INFO] [stdout]     |  _______________________________________________-
[INFO] [stdout] 586 | | ...                       .get_account_at_index(index)
[INFO] [stdout]     | |___________________________-^^^^^^^^^^^^^^^^^^^^
[INFO] [stdout]     |
[INFO] [stdout] help: there is a method `get_key_of_account_at_index` with a similar name
[INFO] [stdout]     |
[INFO] [stdout] 586 |                                 .get_key_of_account_at_index(index)
[INFO] [stdout]     |                                      +++++++
[INFO] [stdout] 
[INFO] [stdout] 
[INFO] [stdout] Some errors have detailed explanations: E0277, E0599.
[INFO] [stdout] 
[INFO] [stdout] For more information about an error, try `rustc --explain E0277`.
[INFO] [stdout] 
[INFO] [stderr] error: could not compile `mollusk-svm` (lib) due to 3 previous errors
[INFO] running `Command { std: "docker" "inspect" "36923950e356da53d4e3302bac65c012a96cd2b6124568f097dd6df5e0847e0c", kill_on_drop: false }`
[INFO] running `Command { std: "docker" "rm" "-f" "36923950e356da53d4e3302bac65c012a96cd2b6124568f097dd6df5e0847e0c", kill_on_drop: false }`
[INFO] [stdout] 36923950e356da53d4e3302bac65c012a96cd2b6124568f097dd6df5e0847e0c
